{"id":241,"date":"2022-12-17T15:35:11","date_gmt":"2022-12-17T14:35:11","guid":{"rendered":"http:\/\/massoeren.com\/?page_id=241"},"modified":"2023-08-14T21:16:10","modified_gmt":"2023-08-14T19:16:10","slug":"elementor-241","status":"publish","type":"page","link":"http:\/\/massoeren.com\/?page_id=241","title":{"rendered":"Ansigtsmassage med cupping og Ghusha"},"content":{"rendered":"\t\t<div data-elementor-type=\"wp-page\" data-elementor-id=\"241\" class=\"elementor elementor-241\" data-elementor-post-type=\"page\">\n\t\t\t\t\t\t<section class=\"elementor-section elementor-top-section elementor-element elementor-element-981312d elementor-section-boxed elementor-section-height-default elementor-section-height-default\" data-id=\"981312d\" data-element_type=\"section\">\n\t\t\t\t\t\t<div class=\"elementor-container elementor-column-gap-default\">\n\t\t\t\t\t<div class=\"elementor-column elementor-col-100 elementor-top-column elementor-element elementor-element-0359f48\" data-id=\"0359f48\" data-element_type=\"column\">\n\t\t\t<div class=\"elementor-widget-wrap elementor-element-populated\">\n\t\t\t\t\t\t<div class=\"elementor-element elementor-element-f772f55 elementor-widget elementor-widget-heading\" data-id=\"f772f55\" data-element_type=\"widget\" data-widget_type=\"heading.default\">\n\t\t\t\t<div class=\"elementor-widget-container\">\n\t\t\t<h1 class=\"elementor-heading-title elementor-size-default\">Ansigtsmassage med cupping og Ghu sha<\/h1>\t\t<\/div>\n\t\t\t\t<\/div>\n\t\t\t\t\t<\/div>\n\t\t<\/div>\n\t\t\t\t\t<\/div>\n\t\t<\/section>\n\t\t\t\t<section class=\"elementor-section elementor-top-section elementor-element elementor-element-afa17fc elementor-section-boxed elementor-section-height-default elementor-section-height-default\" data-id=\"afa17fc\" data-element_type=\"section\">\n\t\t\t\t\t\t<div class=\"elementor-container elementor-column-gap-default\">\n\t\t\t\t\t<div class=\"elementor-column elementor-col-100 elementor-top-column elementor-element elementor-element-7409f4c\" data-id=\"7409f4c\" data-element_type=\"column\">\n\t\t\t<div class=\"elementor-widget-wrap elementor-element-populated\">\n\t\t\t\t\t\t<div class=\"elementor-element elementor-element-2cb12b4 elementor-widget elementor-widget-text-editor\" data-id=\"2cb12b4\" data-element_type=\"widget\" data-widget_type=\"text-editor.default\">\n\t\t\t\t<div class=\"elementor-widget-container\">\n\t\t\t\t\t\t\t<p>En super l\u00e6kker ansigtsbehandling der afsp\u00e6nder din ansigtsmuskulatur, dr\u00e6ner ansigtet for v\u00e6ske og reducerer rynker. Den giver dig super bl\u00f8d hud med en fin gl\u00f8d og er virkelig afstressende.<\/p>\n<p>Jeg bruger en hybenkerne olie til behandlingen.<br>Du f\u00e5r en nakke og hovedbunds massage.<\/p>\n<p>Jeg bruger en Ghu sha i ansigtet, som er en fin glat sten, der er super god til at \u00f8ge blodcirkulationen i ansigtet, give gl\u00f8d og mindske poserne under \u00f8jnene, stimulere kroppens energibaner og l\u00f8sne blokeringer og ubalancer i kroppen.<\/p>\n<p>Derefter laver jeg en let zoneterapi i ansigtet og derefter bruger nogle sm\u00e5 fine silicone cupper, til at lave lymfedr\u00e6n.<\/p>\n<p>Jeg slutter af med at bruge en ansigtsrulle, som k\u00f8ler ansigtet og letter de sidste h\u00e6velser i ansigtet.<\/p>\n<p>En virkelig dejlig behandling, som nemt kan g\u00e5 som selvfork\u00e6lelse.<\/p>\n<p>Men v\u00e6lger du at tage flere behandlinger vil du hurtigt kunne se en forskel i ansigtets struktur.<\/p>\t\t\t\t\t\t<\/div>\n\t\t\t\t<\/div>\n\t\t\t\t\t<\/div>\n\t\t<\/div>\n\t\t\t\t\t<\/div>\n\t\t<\/section>\n\t\t\t\t<\/div>\n\t\t","protected":false},"excerpt":{"rendered":"<p>Ansigtsmassage med cupping og Ghu sha En super l\u00e6kker ansigtsbehandling der afsp\u00e6nder din ansigtsmuskulatur, dr\u00e6ner ansigtet for v\u00e6ske og reducerer rynker. Den giver dig super bl\u00f8d hud med en fin gl\u00f8d og er virkelig afstressende. Jeg bruger en hybenkerne olie til behandlingen.Du f\u00e5r en nakke og hovedbunds massage. Jeg bruger en Ghu sha i ansigtet, [&hellip;]<\/p>\n","protected":false},"author":3,"featured_media":0,"parent":0,"menu_order":0,"comment_status":"closed","ping_status":"closed","template":"","meta":{"inline_featured_image":false,"footnotes":""},"class_list":["post-241","page","type-page","status-publish","hentry"],"_links":{"self":[{"href":"http:\/\/massoeren.com\/index.php?rest_route=\/wp\/v2\/pages\/241","targetHints":{"allow":["GET"]}}],"collection":[{"href":"http:\/\/massoeren.com\/index.php?rest_route=\/wp\/v2\/pages"}],"about":[{"href":"http:\/\/massoeren.com\/index.php?rest_route=\/wp\/v2\/types\/page"}],"author":[{"embeddable":true,"href":"http:\/\/massoeren.com\/index.php?rest_route=\/wp\/v2\/users\/3"}],"replies":[{"embeddable":true,"href":"http:\/\/massoeren.com\/index.php?rest_route=%2Fwp%2Fv2%2Fcomments&post=241"}],"version-history":[{"count":8,"href":"http:\/\/massoeren.com\/index.php?rest_route=\/wp\/v2\/pages\/241\/revisions"}],"predecessor-version":[{"id":313,"href":"http:\/\/massoeren.com\/index.php?rest_route=\/wp\/v2\/pages\/241\/revisions\/313"}],"wp:attachment":[{"href":"http:\/\/massoeren.com\/index.php?rest_route=%2Fwp%2Fv2%2Fmedia&parent=241"}],"curies":[{"name":"wp","href":"https:\/\/api.w.org\/{rel}","templated":true}]}}