{"id":61,"date":"2021-05-19T14:58:16","date_gmt":"2021-05-19T12:58:16","guid":{"rendered":"http:\/\/hn.nmdev.dk\/?page_id=61"},"modified":"2022-12-17T15:09:14","modified_gmt":"2022-12-17T14:09:14","slug":"japansk-facelift","status":"publish","type":"page","link":"http:\/\/massoeren.com\/?page_id=61","title":{"rendered":"Japansk facelift"},"content":{"rendered":"\t\t<div data-elementor-type=\"wp-page\" data-elementor-id=\"61\" class=\"elementor elementor-61\" data-elementor-post-type=\"page\">\n\t\t\t\t\t\t<section class=\"elementor-section elementor-top-section elementor-element elementor-element-43ad254 elementor-section-boxed elementor-section-height-default elementor-section-height-default\" data-id=\"43ad254\" data-element_type=\"section\">\n\t\t\t\t\t\t<div class=\"elementor-container elementor-column-gap-default\">\n\t\t\t\t\t<div class=\"elementor-column elementor-col-100 elementor-top-column elementor-element elementor-element-41c3912\" data-id=\"41c3912\" data-element_type=\"column\">\n\t\t\t<div class=\"elementor-widget-wrap elementor-element-populated\">\n\t\t\t\t\t\t<div class=\"elementor-element elementor-element-21c3264 elementor-widget elementor-widget-heading\" data-id=\"21c3264\" data-element_type=\"widget\" data-widget_type=\"heading.default\">\n\t\t\t\t<div class=\"elementor-widget-container\">\n\t\t\t<h1 class=\"elementor-heading-title elementor-size-default\">Japansk facelift<\/h1>\t\t<\/div>\n\t\t\t\t<\/div>\n\t\t\t\t\t<\/div>\n\t\t<\/div>\n\t\t\t\t\t<\/div>\n\t\t<\/section>\n\t\t\t\t<section class=\"elementor-section elementor-top-section elementor-element elementor-element-6a84d18 elementor-section-boxed elementor-section-height-default elementor-section-height-default\" data-id=\"6a84d18\" data-element_type=\"section\">\n\t\t\t\t\t\t<div class=\"elementor-container elementor-column-gap-default\">\n\t\t\t\t\t<div class=\"elementor-column elementor-col-100 elementor-top-column elementor-element elementor-element-7626972\" data-id=\"7626972\" data-element_type=\"column\">\n\t\t\t<div class=\"elementor-widget-wrap elementor-element-populated\">\n\t\t\t\t\t\t<div class=\"elementor-element elementor-element-c6b6457 elementor-widget elementor-widget-text-editor\" data-id=\"c6b6457\" data-element_type=\"widget\" data-widget_type=\"text-editor.default\">\n\t\t\t\t<div class=\"elementor-widget-container\">\n\t\t\t\t\t\t\t<p>Ansigtet er kroppens spejl. Det viser hvem vi er og hvordan vi har det.<\/p><p>Derfor skal vi ogs\u00e5 passe godt p\u00e5 det.<\/p><p>Japansk lifting er en behandling hvor du f\u00e5r massage, der afsp\u00e6nder dine ansigtsmuskler og derved din mimik. Du f\u00e5r zoneterapi og akupressur i ansigtet, hvor jeg stimulerer ansigtets akupunkturpunkter og zoner, samtidigt med at jeg dr\u00e6ner ansigtet for ophobet v\u00e6ske. Det letter p\u00e5 poserne under \u00f8jnene og evt. misfarvninger.<\/p><p>Jeg bruger \u00f8kologiske cremer og en hybenkerneolie i behandlingen.<\/p><p>Du f\u00e5r en Spirolina maske, som er pulveriseret tang der virker beroligende p\u00e5 huden.<\/p><p>Du f\u00e5r en fugt maske, lidt hovedbundsmassage og fodmassage.<\/p><p>Allerede efter f\u00f8rste behandling vil du f\u00f8le en afstresset ansigtshud, der er mere gl\u00f8d da blodcirkulationen har f\u00e5et et boost og musklerne er blevet afsp\u00e6ndt.<\/p><p>Behandlingen kan s\u00e6nke \u00e6ldningsprocessen.<\/p><p>Efter 5 behandlinger vil du kunne se dit ansigt skinne sundere og lettere.<\/p>\t\t\t\t\t\t<\/div>\n\t\t\t\t<\/div>\n\t\t\t\t\t<\/div>\n\t\t<\/div>\n\t\t\t\t\t<\/div>\n\t\t<\/section>\n\t\t\t\t<\/div>\n\t\t","protected":false},"excerpt":{"rendered":"<p>Japansk facelift Ansigtet er kroppens spejl. Det viser hvem vi er og hvordan vi har det. Derfor skal vi ogs\u00e5 passe godt p\u00e5 det. Japansk lifting er en behandling hvor du f\u00e5r massage, der afsp\u00e6nder dine ansigtsmuskler og derved din mimik. Du f\u00e5r zoneterapi og akupressur i ansigtet, hvor jeg stimulerer ansigtets akupunkturpunkter og zoner, [&hellip;]<\/p>\n","protected":false},"author":1,"featured_media":0,"parent":0,"menu_order":0,"comment_status":"closed","ping_status":"closed","template":"","meta":{"inline_featured_image":false,"footnotes":""},"class_list":["post-61","page","type-page","status-publish","hentry"],"_links":{"self":[{"href":"http:\/\/massoeren.com\/index.php?rest_route=\/wp\/v2\/pages\/61","targetHints":{"allow":["GET"]}}],"collection":[{"href":"http:\/\/massoeren.com\/index.php?rest_route=\/wp\/v2\/pages"}],"about":[{"href":"http:\/\/massoeren.com\/index.php?rest_route=\/wp\/v2\/types\/page"}],"author":[{"embeddable":true,"href":"http:\/\/massoeren.com\/index.php?rest_route=\/wp\/v2\/users\/1"}],"replies":[{"embeddable":true,"href":"http:\/\/massoeren.com\/index.php?rest_route=%2Fwp%2Fv2%2Fcomments&post=61"}],"version-history":[{"count":7,"href":"http:\/\/massoeren.com\/index.php?rest_route=\/wp\/v2\/pages\/61\/revisions"}],"predecessor-version":[{"id":201,"href":"http:\/\/massoeren.com\/index.php?rest_route=\/wp\/v2\/pages\/61\/revisions\/201"}],"wp:attachment":[{"href":"http:\/\/massoeren.com\/index.php?rest_route=%2Fwp%2Fv2%2Fmedia&parent=61"}],"curies":[{"name":"wp","href":"https:\/\/api.w.org\/{rel}","templated":true}]}}