{"id":63,"date":"2021-05-19T14:59:05","date_gmt":"2021-05-19T12:59:05","guid":{"rendered":"http:\/\/hn.nmdev.dk\/?page_id=63"},"modified":"2022-12-17T15:13:08","modified_gmt":"2022-12-17T14:13:08","slug":"kosmetisk-akupunktur","status":"publish","type":"page","link":"http:\/\/massoeren.com\/?page_id=63","title":{"rendered":"Kosmetisk akupunktur"},"content":{"rendered":"\t\t<div data-elementor-type=\"wp-page\" data-elementor-id=\"63\" class=\"elementor elementor-63\" data-elementor-post-type=\"page\">\n\t\t\t\t\t\t<section class=\"elementor-section elementor-top-section elementor-element elementor-element-daaf927 elementor-section-boxed elementor-section-height-default elementor-section-height-default\" data-id=\"daaf927\" data-element_type=\"section\">\n\t\t\t\t\t\t<div class=\"elementor-container elementor-column-gap-default\">\n\t\t\t\t\t<div class=\"elementor-column elementor-col-100 elementor-top-column elementor-element elementor-element-9f833d7\" data-id=\"9f833d7\" data-element_type=\"column\">\n\t\t\t<div class=\"elementor-widget-wrap elementor-element-populated\">\n\t\t\t\t\t\t<div class=\"elementor-element elementor-element-49f5c52 elementor-widget elementor-widget-heading\" data-id=\"49f5c52\" data-element_type=\"widget\" data-widget_type=\"heading.default\">\n\t\t\t\t<div class=\"elementor-widget-container\">\n\t\t\t<h1 class=\"elementor-heading-title elementor-size-default\">Kosmetisk akupunktur<\/h1>\t\t<\/div>\n\t\t\t\t<\/div>\n\t\t\t\t\t<\/div>\n\t\t<\/div>\n\t\t\t\t\t<\/div>\n\t\t<\/section>\n\t\t\t\t<section class=\"elementor-section elementor-top-section elementor-element elementor-element-cf4f9a6 elementor-section-boxed elementor-section-height-default elementor-section-height-default\" data-id=\"cf4f9a6\" data-element_type=\"section\">\n\t\t\t\t\t\t<div class=\"elementor-container elementor-column-gap-default\">\n\t\t\t\t\t<div class=\"elementor-column elementor-col-100 elementor-top-column elementor-element elementor-element-26aab2b\" data-id=\"26aab2b\" data-element_type=\"column\">\n\t\t\t<div class=\"elementor-widget-wrap elementor-element-populated\">\n\t\t\t\t\t\t<div class=\"elementor-element elementor-element-42e3b2d elementor-widget elementor-widget-text-editor\" data-id=\"42e3b2d\" data-element_type=\"widget\" data-widget_type=\"text-editor.default\">\n\t\t\t\t<div class=\"elementor-widget-container\">\n\t\t\t\t\t\t\t<p>Kosmetisk akupunktur er kinesernes svar p\u00e5 Botox. Bare meget sundere.<\/p><p>Den virker ikke liges\u00e5 hurtigt som Botox, til geng\u00e6ld efterlader du ikke noget kemisk i dit ansigt, samtidigt med at du beholder din mimik og naturlige bev\u00e6gelighed i ansigtets muskulatur.<\/p><p>Behandlingen forsinker \u00e6ldningsprocessen, fjerner h\u00e6velser og poser, l\u00f8fter ansigtets muskler og hud, og gir et yngre udtryk, t\u00e6tner porer i huden. fjerner rynker og \u00f8ger kollagen produktionen.<\/p><p>Kosmetisk akupunktur er rigtig godt i forl\u00e6ngelse af en faceliftbehandling.<\/p>\t\t\t\t\t\t<\/div>\n\t\t\t\t<\/div>\n\t\t\t\t\t<\/div>\n\t\t<\/div>\n\t\t\t\t\t<\/div>\n\t\t<\/section>\n\t\t\t\t<\/div>\n\t\t","protected":false},"excerpt":{"rendered":"<p>Kosmetisk akupunktur Kosmetisk akupunktur er kinesernes svar p\u00e5 Botox. Bare meget sundere. Den virker ikke liges\u00e5 hurtigt som Botox, til geng\u00e6ld efterlader du ikke noget kemisk i dit ansigt, samtidigt med at du beholder din mimik og naturlige bev\u00e6gelighed i ansigtets muskulatur. Behandlingen forsinker \u00e6ldningsprocessen, fjerner h\u00e6velser og poser, l\u00f8fter ansigtets muskler og hud, og [&hellip;]<\/p>\n","protected":false},"author":1,"featured_media":0,"parent":0,"menu_order":0,"comment_status":"closed","ping_status":"closed","template":"","meta":{"inline_featured_image":false,"footnotes":""},"class_list":["post-63","page","type-page","status-publish","hentry"],"_links":{"self":[{"href":"http:\/\/massoeren.com\/index.php?rest_route=\/wp\/v2\/pages\/63","targetHints":{"allow":["GET"]}}],"collection":[{"href":"http:\/\/massoeren.com\/index.php?rest_route=\/wp\/v2\/pages"}],"about":[{"href":"http:\/\/massoeren.com\/index.php?rest_route=\/wp\/v2\/types\/page"}],"author":[{"embeddable":true,"href":"http:\/\/massoeren.com\/index.php?rest_route=\/wp\/v2\/users\/1"}],"replies":[{"embeddable":true,"href":"http:\/\/massoeren.com\/index.php?rest_route=%2Fwp%2Fv2%2Fcomments&post=63"}],"version-history":[{"count":4,"href":"http:\/\/massoeren.com\/index.php?rest_route=\/wp\/v2\/pages\/63\/revisions"}],"predecessor-version":[{"id":204,"href":"http:\/\/massoeren.com\/index.php?rest_route=\/wp\/v2\/pages\/63\/revisions\/204"}],"wp:attachment":[{"href":"http:\/\/massoeren.com\/index.php?rest_route=%2Fwp%2Fv2%2Fmedia&parent=63"}],"curies":[{"name":"wp","href":"https:\/\/api.w.org\/{rel}","templated":true}]}}